f x and 17?
17
Let n(v) = v**2 + 6*v - 5. Suppose -5*s + 5*i - 40 = 0, -5*s - 30 = -i + 10. Let o be n(s). What is the greatest common divisor of 22 and o?
11
Suppose t = 6*t - 60. What is the highest common factor of t and 84?
12
Let d be (9/6)/(2/8). Suppose -u + b - 5*b - 27 = 0, 4*u = 3*b - 51. Let k be 1/3 - 175/u. What is the highest common divisor of d and k?
6
Suppose -3*q = -11 + 5. Suppose 5*n - q - 13 = 0. Calculate the highest common divisor of 9 and n.
3
Let d(n) = 16*n**2 + 22*n**2 - 16*n**2. Let c be 3/5 - (-2)/5. Let p be d(c). What is the highest common factor of 2 and p?
2
Let g be (10/(-3))/((-6)/189). Let y = -6 + 8. Suppose -y*d + 4 = -26. What is the greatest common divisor of d and g?
15
Suppose -5*v = -4*w + 89, w + 5*v = -0 - 9. Calculate the highest common divisor of 176 and w.
16
Let j be 6/(-15) + (-57)/(-5). Suppose 3 = 5*l + 4*s + 17, 4*s - 2 = 3*l. Let o be 1*l/(-2)*33. What is the greatest common factor of o and j?
11
Suppose -4*z = -z - 159. Suppose 4*r + 5 = z. Calculate the highest common factor of r and 6.
6
Suppose 6*h + 360 = 11*h. What is the highest common factor of 8 and h?
8
Let l be (-18 + -3)*50/(-6). Let g = l + 41. Calculate the greatest common divisor of g and 24.
24
Suppose -m - 24 = -2*a, 0*a - 4*a - 4*m + 72 = 0. What is the highest common divisor of a and 21?
7
Suppose -2*q + d = -11 - 5, 38 = 3*q - 5*d. Calculate the greatest common divisor of 24 and q.
6
Suppose 14*k - 30 = -2. What is the greatest common divisor of k and 6?
2
Let h(f) = f - 13. Let y(r) = -1. Let x(v) = -h(v) + 4*y(v). Suppose 0 = -2*j - 3*j. Let w be x(j). What is the highest common divisor of w and 99?
9
Let u(k) = k**2 - 3. Let l be u(4). Suppose 2*y - 3*y - 4*c + 15 = 0, 3*c - l = -y. What is the highest common divisor of 77 and y?
7
Let t = 6 - 3. Suppose 0 = n - t - 3. Calculate the greatest common factor of 6 and n.
6
Let x be 8/6 - 2/(-3). Let p be (1 - 3) + -1 + -2. Let o(g) = g + 7. Let i be o(p). Calculate the highest common divisor of i and x.
2
Let s be ((-6)/(-3))/2 + 2. Let y = s + 0. Suppose -y*g - 21 = -4*g. Calculate the greatest common factor of g and 14.
7
Let t be (154/(-42))/((-2)/78). Calculate the greatest common factor of t and 11.
11
Let b = 21 + -18. Suppose 2*a + b*a = 25, 2*s - a = 23. Calculate the greatest common factor of 98 and s.
14
Let d be (1/1*1)/1. Suppose d = x + 2*t - 4, 4*x - 75 = 3*t. Let o = 81 - x. Calculate the highest common divisor of 6 and o.
6
Suppose -5*f = 4*m + 20, -3 = 5*m - 5*f - 23. Suppose m*j = j. Suppose t + 46 = 6*d - d, 2*d - 3*t - 21 = j. Calculate the highest common factor of 9 and d.
9
Suppose -504 = -33*f + 19*f. Calculate the greatest common factor of f and 54.
18
Let p be (-2 - -5)/(6/4). Suppose -2*g = p*g - 28. Suppose 4*v + 4*c = 244, 5*v - 4*v = 3*c + 69. Calculate the highest common factor of v and g.
7
Let u = -58 - -130. Suppose -2*j + 3 = -15. Calculate the highest common divisor of u and j.
9
Let d be (-1)/(1 + (-12)/9). Suppose 0 = -3*w + 3, -4*w - 19 = -2*m - 5. What is the greatest common factor of d and m?
3
Let k be (24 + 3)*(-2)/(-6). Let p be 3 + -5 + 7*1. Suppose p*w = w + 4. Calculate the greatest common factor of k and w.
1
Let r = 11 + -1. Suppose 2*t = r, 4*o + 3*t - 7*t - 556 = 0. What is the highest common divisor of o and 16?
16
Suppose -3*f + 831 = -5*a, 0 = -5*f + a + 1339 + 68. Suppose -b + 6*b + f = 4*w, w = -4*b + 60. What is the highest common factor of w and 17?
17
Let y be (-3)/2*40/(-15). Let a(t) = 2*t - 2*t + t + y. Let d be a(-3). What is the highest common factor of d and 4?
1
Let p = 10 + -6. Suppose -12 = p*v + 2*a, -4*v = -3*a + 7*a + 20. Let u be v*(1 - 5 - 2). What is the highest common factor of u and 24?
6
Let l be ((-66)/77)/((-1)/7). Let b(v) = v**2 - 5*v - 2. Let m be b(5). Let g be (-26)/(-10) + m/(-5). Calculate the greatest common divisor of g and l.
3
Let l(d) = -2*d - 1. Let g(p) = 2*p + 1. Let f(j) = -5*g(j) - 6*l(j). Let n = 9 + -5. Let u be f(n). Calculate the greatest common divisor of u and 54.
9
Suppose -4*a + 0 = -20. Suppose -a*j + 28 = -27. What is the highest common divisor of j and 55?
11
Suppose 57 + 3 = -5*h. Let k be ((-56)/6)/(8/h). Let z = 52 - 10. What is the highest common factor of k and z?
14
Suppose 175 = 3*d + 2*d. Suppose 5*n = v - d, 3*v - 4*n - 55 = n. Calculate the greatest common divisor of v and 10.
10
Let q = 6 - -2. Suppose -15 = -5*k - 5*a, -3*a = -k + q - 1. Suppose -k*f + 168 = -f. What is the highest common factor of 7 and f?
7
Suppose 0*d + 3*d + 2*u = 9, -d + 3*u + 3 = 0. Suppose -4*s + 2*c - 70 = 0, d*s + s + 85 = -c. Let t = -2 - s. What is the greatest common factor of t and 6?
6
Let g(c) = c**2 - 4*c + 3. Let b be g(6). Let j be 2/10 - 3/b. Let l be -1*(-10 + (j - -1)). What is the greatest common divisor of l and 81?
9
Suppose 14 = 2*t + 2. Suppose -292 = -4*d - 2*u + t*u, -5*u - 293 = -4*d. Calculate the greatest common factor of d and 9.
9
Suppose 2*z - 33 = 125. Suppose 2*u - n - z = -u, 0 = 3*u + 5*n - 91. Suppose 4*j - 1 = 11. What is the greatest common factor of j and u?
3
Suppose -2*z = 2*p - 5*z + 4, -5*p + 36 = 4*z. Suppose 30 = -p*y - 62. Let f = y - -36. What is the greatest common divisor of 13 and f?
13
Let s = 272 - 191. Calculate the highest common divisor of 9 and s.
9
Let n(v) = -v + 4. Let p be n(3). Suppose -d = -5 - p. Let r(m) = -m**2 + 54. Let s be r(0). What is the highest common divisor of d and s?
6
Suppose 0 + 4 = z. Suppose -5*u - c - 3*c + 28 = 0, -4*c = -z*u + 44. What is the highest common divisor of 8 and u?
8
Suppose 3*j = 5*r + 6, 4*j - 3*r + 0 = -3. Let s be j/(-2)*(-2 - -14). What is the highest common factor of s and 45?
9
Suppose 0 = 5*q + 20, -3*d - q - 34 = 3*q. Let g = 11 + d. What is the highest common factor of g and 15?
5
Let i be -6*((-11)/6 - -1). Suppose -5*c + 478 = i*h + 43, 0 = -c - 5*h + 99. What is the greatest common divisor of 12 and c?
12
Suppose -2*t = 7*t - 90. What is the highest common divisor of 40 and t?
10
Let a = -31 + 39. Calculate the highest common factor of a and 296.
8
Let b(p) = 23*p - 9. Let x be b(3). Calculate the highest common divisor of 40 and x.
20
Suppose -3*f - 2*a + 4 = 0, 3 = 3*f + 3*a - 0. Let t be ((-1)/f)/(1/(-2)). Calculate the greatest common divisor of 3 and t.
1
Let k = 223 + -143. Calculate the highest common divisor of k and 10.
10
Let j(y) = y**2 - 3*y + 2. Let q be j(17). What is the highest common divisor of 40 and q?
40
Suppose 0 = 2*l + l - 6. Calculate the greatest common divisor of l and 3.
1
Let v(r) = r**2 - 5*r + 1. Let k be v(7). Suppose -y = 2*c - 2*y - 8, -c + 22 = -5*y. Suppose 8 = d - c. What is the highest common factor of d and k?
5
Suppose -5*q + 223 = -q - r, 3*q = -r + 169. Let n(k) = -2*k. Let u be n(-4). Calculate the greatest common factor of u and q.
8
Suppose -4*o + 16 = -0*o. Suppose d = -4*n + 25, o*d + 0*d + 20 = 4*n. Let v be 3/(((-45)/n)/(-5)). What is the greatest common factor of 3 and v?
1
Let a(f) = f + 10. Let v be a(-8). Suppose -4 - v = 3*j. Let t be ((-4)/3)/(j/84). What is the greatest common divisor of t and 8?
8
Suppose 3*n + n = -8. Let g be ((-210)/(-9))/(n/(-6)). Suppose 90 = 3*v + 3*w, -v - 3*w + 62 = v. Calculate the greatest common factor of g and v.
14
Suppose 0 = 5*w + 5*s + 5 - 85, -14 = -2*w + 4*s. Let r = 266 + -149. What is the highest common factor of w and r?
13
Let z(l) = 25*l + 1. Let h(b) = -26*b - 1. Let q(y) = 6*h(y) + 5*z(y). Let w be q(-1). Let m = -10 - -30. What is the highest common factor of w and m?
10
Let d(f) = -7 - 5*f + 1 + 2. Let c be d(-5). Let b be (-1 - (2 - 2))*-7. Calculate the greatest common factor of c and b.
7
Suppose -q + 37 = 3*q + 3*l, -5*q - l + 60 = 0. Let i(u) = -6*u**3 + 2*u**2 + 2*u. Let b be i(-2). What is the greatest common factor of q and b?
13
Let p = 190 + -115. Let q(i) = i**3 + 4*i**2 - 7*i - 1. Let u be q(-6). Let k = -16 - u. Calculate the highest common factor of p and k.
15
Let m(d) = 10*d - 32. Let c be m(6). What is the highest common divisor of c and 14?
14
Let u be -3 + 1/(2/12). Suppose 4*s - 767 = u*s. Suppose -4*n - 5*r + 233 = -540, 0 = -4*n + r + s. Calculate the greatest common factor of 24 and n.
24
Suppose -96 = -8*z + 6*z. Let j = -11 + 23. Calculate the greatest 